{"id":1732,"date":"2015-08-03T10:01:27","date_gmt":"2015-08-03T08:01:27","guid":{"rendered":"https:\/\/cus.bojszowy.pl\/bip\/?page_id=1732"},"modified":"2020-11-19T10:00:08","modified_gmt":"2020-11-19T09:00:08","slug":"dostep-do-informacji-publicznej","status":"publish","type":"page","link":"https:\/\/cus.bojszowy.pl\/bip\/dostep-do-informacji-publicznej\/","title":{"rendered":"Dost\u0119p do informacji publicznej"},"content":{"rendered":"<p><strong>&nbsp;<\/strong><\/p>\n<p><strong>ZASADY DOST\u0118PU DO INFORMACJI PUBLICZNEJ<\/strong> uregulowane zosta\u0142y w ustawie z dnia 6 wrze\u015bnia 2001 r. o dost\u0119pie do informacji publicznej.<\/p>\n<p>Ustawa precyzuje konstytucyjny zapis art. 61 o prawie obywateli do informacji o dzia\u0142aniach w\u0142adz publicznych.<\/p>\n<p>Ustawa nakazuje organom w\u0142adzy pa\u0144stwowej (i innym podmiotom) udost\u0119pnia\u0107 ka\u017cd\u0105 informacj\u0119 o sprawach publicznych. Wyj\u0105tek stanowi\u0105 informacje niejawne. Zgodnie z ustaw\u0105 prawo do informacji publicznej obejmuje uprawnienie do niezw\u0142ocznego uzyskania takiej informacji, zawieraj\u0105cej aktualn\u0105 wiedz\u0119 o sprawach publicznych. Na prawo do informacji publicznej sk\u0142adaj\u0105 si\u0119 uprawnienia do:<br \/>\n&#8211; uzyskania informacji publicznej, w tym informacji przetworzonej,<br \/>\n&#8211; wgl\u0105du do dokument\u00f3w urz\u0119dowych,<br \/>\n&#8211; dost\u0119pu do posiedze\u0144 kolegialnych organ\u00f3w w\u0142adzy publicznej pochodz\u0105cych z powszechnych wybor\u00f3w.<br \/>\nPrawo to przys\u0142uguje ka\u017cdej osobie. Od osoby wyst\u0119puj\u0105cej o informacj\u0119 publiczn\u0105 nie wolno \u017c\u0105da\u0107 uzasadnienia wniosku (wykazania interesu prawnego lub faktycznego).<\/p>\n<p>&nbsp;<\/p>\n<p><strong>JAKIE INFORMACJE PODLEGAJ\u0104CE UDOST\u0118PNIANIU <\/strong><\/p>\n<p>Og\u00f3lna zasada udost\u0119pniania ka\u017cdej jawnej informacji o sprawach publicznych jest sprecyzowana w rozdziale 2 ustawy. Wskazano tam wprost jakie informacje podlegaj\u0105 upublicznianiu.<br \/>\nS\u0105 to m.in. informacje o:<br \/>\n&#8211; organach w\u0142adzy publicznej &#8211; w tym o ich statusie prawnym, organizacji, kompetencjach, maj\u0105tku, osobach sprawuj\u0105cych w nich funkcje i ich kompetencjach;<br \/>\n&#8211; zasadach funkcjonowania organ\u00f3w w\u0142adzy publicznej &#8211; w tym o sposobach za\u0142atwiania spraw, stanie przyjmowanych spraw i kolejno\u015bci ich za\u0142atwiania, prowadzonych rejestrach, ewidencjach i archiwach;<br \/>\n&#8211; danych publicznych &#8211; w tym dokumentacja przebiegu i efekt\u00f3w kontroli, stanowiska w sprawach publicznych zaj\u0119te przez funkcjonariuszy publicznych, tre\u015b\u0107 wyst\u0105pie\u0144 i ocen dokonywanych przez organy w\u0142adzy publicznej, informacja o stanie samorz\u0105d\u00f3w i ich jednostek organizacyjnych;<br \/>\n&#8211; maj\u0105tku publicznym.<\/p>\n<p>&nbsp;<\/p>\n<p><strong>FORMY UDOST\u0118PNIANIA INFORMACJI<\/strong><\/p>\n<p>&nbsp;<\/p>\n<p>Zgodnie z ustaw\u0105 udost\u0119pnianie informacji publicznych nast\u0119puje poprzez:<br \/>\n&#8211; og\u0142aszanie w internetowym Biuletynie Informacji Publicznej,<br \/>\n&#8211; udost\u0119pnianie na wniosek zainteresowanego,<br \/>\n&#8211; wy\u0142o\u017cenie w powszechnie dost\u0119pnym miejscu lub poprzez terminale informacyjne (infomaty).<br \/>\nInformacja publiczna, kt\u00f3ra mo\u017ce by\u0107 niezw\u0142ocznie udost\u0119pniona, jest udost\u0119pniana w formie ustnej lub pisemnej bez pisemnego wniosku.<\/p>\n<p>Zgodnie z ustaw\u0105 informacja publiczna, kt\u00f3ra nie zosta\u0142a udost\u0119pniona w Biuletynie Informacji Publicznej jest udost\u0119pniana na wniosek zainteresowanego. Udost\u0119pnianie informacji na wniosek nast\u0119puje &#8222;bez zb\u0119dnej zw\u0142oki&#8221;, nie p\u00f3\u017aniej ni\u017c w terminie 14 dni od dnia z\u0142o\u017cenia wniosku. Je\u017celi jest to niemo\u017cliwe, nale\u017cy powiadomi\u0107 wnioskodawc\u0119 w tym terminie, o powodach op\u00f3\u017anienia w przekazaniu informacji oraz o nowym terminie, nie d\u0142u\u017cszym jednak ni\u017c 2 miesi\u0105ce. Je\u015bli informacja mo\u017ce by\u0107 przekazana niezw\u0142ocznie w formie ustnej lub pisemnej, osoba wyst\u0119puj\u0105ca o informacj\u0119 nie sk\u0142ada pisemnego wniosku. Instytucja udost\u0119pniaj\u0105ca informacj\u0119 ma obowi\u0105zek umo\u017cliwi\u0107 jej skopiowanie, wydrukowanie, przes\u0142anie lub przeniesienie na powszechnie u\u017cywany no\u015bnik informacji. Je\u017celi w wyniku udost\u0119pnienia informacji publicznej na wniosek podmiot obowi\u0105zany do udost\u0119pnienia ma ponie\u015b\u0107 dodatkowe koszty zwi\u0105zane ze wskazanym we wniosku sposobem udost\u0119pnienia (wydruk, kserokopia, skopiowanie na dyskietk\u0119 itp.), podmiot ten mo\u017ce pobra\u0107 od wnioskodawcy op\u0142at\u0119 w wysoko\u015bci odpowiadaj\u0105cej tym kosztom.<\/p>\n","protected":false},"excerpt":{"rendered":"<p>&nbsp; ZASADY DOST\u0118PU DO INFORMACJI PUBLICZNEJ uregulowane zosta\u0142y w ustawie z dnia 6 wrze\u015bnia 2001 r. o dost\u0119pie do informacji publicznej. Ustawa precyzuje konstytucyjny zapis art. 61 o prawie obywateli do informacji o dzia\u0142aniach w\u0142adz publicznych. Ustawa nakazuje organom w\u0142adzy pa\u0144stwowej (i innym podmiotom) udost\u0119pnia\u0107 ka\u017cd\u0105 informacj\u0119 o sprawach publicznych. Wyj\u0105tek stanowi\u0105 informacje niejawne. Zgodnie&hellip;<\/p>\n","protected":false},"author":5,"featured_media":0,"parent":0,"menu_order":0,"comment_status":"closed","ping_status":"open","template":"","meta":{"ngg_post_thumbnail":0,"footnotes":""},"class_list":["post-1732","page","type-page","status-publish","hentry","description-off"],"_links":{"self":[{"href":"https:\/\/cus.bojszowy.pl\/bip\/wp-json\/wp\/v2\/pages\/1732","targetHints":{"allow":["GET"]}}],"collection":[{"href":"https:\/\/cus.bojszowy.pl\/bip\/wp-json\/wp\/v2\/pages"}],"about":[{"href":"https:\/\/cus.bojszowy.pl\/bip\/wp-json\/wp\/v2\/types\/page"}],"author":[{"embeddable":true,"href":"https:\/\/cus.bojszowy.pl\/bip\/wp-json\/wp\/v2\/users\/5"}],"replies":[{"embeddable":true,"href":"https:\/\/cus.bojszowy.pl\/bip\/wp-json\/wp\/v2\/comments?post=1732"}],"version-history":[{"count":3,"href":"https:\/\/cus.bojszowy.pl\/bip\/wp-json\/wp\/v2\/pages\/1732\/revisions"}],"predecessor-version":[{"id":2483,"href":"https:\/\/cus.bojszowy.pl\/bip\/wp-json\/wp\/v2\/pages\/1732\/revisions\/2483"}],"wp:attachment":[{"href":"https:\/\/cus.bojszowy.pl\/bip\/wp-json\/wp\/v2\/media?parent=1732"}],"curies":[{"name":"wp","href":"https:\/\/api.w.org\/{rel}","templated":true}]}}