{"id":2733,"date":"2022-03-28T09:01:48","date_gmt":"2022-03-28T07:01:48","guid":{"rendered":"https:\/\/cus.bojszowy.pl\/bip\/?page_id=2733"},"modified":"2022-03-28T09:01:53","modified_gmt":"2022-03-28T07:01:53","slug":"zapytanie-ofertowe-3-2022","status":"publish","type":"page","link":"https:\/\/cus.bojszowy.pl\/bip\/zapytanie-ofertowe-3-2022\/","title":{"rendered":"Zapytanie ofertowe 3\/2022"},"content":{"rendered":"\n<p>&nbsp;&nbsp;&nbsp;&nbsp;&nbsp;&nbsp;&nbsp;&nbsp;&nbsp;&nbsp;&nbsp;&nbsp;&nbsp;&nbsp;&nbsp;&nbsp;&nbsp;&nbsp;&nbsp;&nbsp;&nbsp;&nbsp;&nbsp;&nbsp;&nbsp;&nbsp;&nbsp;&nbsp;&nbsp;&nbsp;&nbsp;&nbsp;&nbsp;&nbsp;&nbsp;&nbsp;&nbsp;&nbsp;&nbsp;&nbsp;&nbsp;&nbsp;&nbsp;&nbsp;&nbsp;&nbsp;&nbsp;&nbsp;&nbsp;&nbsp;&nbsp;&nbsp;&nbsp;&nbsp;&nbsp;&nbsp;&nbsp;&nbsp;&nbsp;&nbsp;&nbsp;&nbsp;&nbsp;&nbsp;&nbsp;&nbsp;&nbsp;&nbsp;&nbsp;&nbsp;&nbsp;&nbsp;&nbsp;&nbsp;&nbsp;&nbsp;&nbsp;&nbsp;&nbsp;&nbsp;&nbsp;&nbsp;&nbsp;&nbsp;&nbsp;&nbsp;&nbsp;&nbsp;&nbsp;&nbsp;&nbsp;&nbsp;&nbsp;&nbsp;&nbsp;&nbsp;&nbsp;&nbsp;&nbsp;&nbsp;&nbsp;&nbsp;&nbsp;&nbsp;&nbsp;&nbsp;&nbsp;&nbsp;&nbsp;&nbsp;&nbsp;&nbsp;&nbsp;&nbsp;&nbsp;&nbsp;&nbsp;&nbsp;&nbsp;&nbsp;&nbsp;&nbsp;&nbsp;&nbsp;&nbsp;<\/p>\n<p><strong>Zaproszenie do sk\u0142adania ofert<\/strong><\/p>\n<p>ZAPYTANIE OFERTOWE NR 3\/ZO\/CUS\/2022 z dnia 2022-03-28.<\/p>\n<p>&nbsp;<\/p>\n<p><strong>I. ZAMAWIAJ\u0104CY:<\/strong><\/p>\n<p>Gmina Bojszowy, ul. Gaikowa 35, 43-220 Bojszowy<\/p>\n<p>Odbiorca us\u0142ug \u2013 Centrum Us\u0142ug Spo\u0142ecznych w Bojszowach<\/p>\n<p>tel. (32) 328 93 05, faks (32) 328 93 20<\/p>\n<p>adres e-mail: kontakt@cus.bojszowy.pl<\/p>\n<p>&nbsp;<\/p>\n<p><strong>II. NAZWA I OPIS PRZEDMIOTU ZAM\u00d3WIENIA<\/strong><\/p>\n<p style=\"text-align: justify;\">Dzia\u0142aj\u0105c zgodnie z art. 2 ust. 1 pkt 1 ustawy z dnia 11 wrze\u015bnia 2019r. \u201dPrawo zam\u00f3wie\u0144 publicznych\u201d <br>(t. j. Dz. U z 2021 r. poz. 1129 ze zm.), Zamawiaj\u0105cy zaprasza do z\u0142o\u017cenia oferty w post\u0119powaniu ofertowym, kt\u00f3rego przedmiotem jest:<\/p>\n<p style=\"text-align: justify;\">\u015awiadczenie us\u0142ug tymczasowego schronienia dla 2 os\u00f3b bezdomnych oraz potrzebuj\u0105cych <br>(\u0142\u0105cznie kobiet i m\u0119\u017cczyzn) w postaci noclegowni lub ogrzewalni.<\/p>\n<p style=\"text-align: justify;\">&nbsp;<\/p>\n<ol style=\"text-align: justify;\">\n<li>Ka\u017cdorazowe umieszczenie osoby bezdomnej lub potrzebuj\u0105cej w noclegowni lub ogrzewalni odbywa si\u0119 na podstawie skierowania wydanego przez Dyrektora Centrum Us\u0142ug Spo\u0142ecznych w Bojszowach. W szczeg\u00f3lnie uzasadnionych przypadkach dopuszcza si\u0119 rozpocz\u0119cie \u015bwiadczenia us\u0142ugi w oparciu o dane przekazane faksem, telefonicznie lub e-mailem.<\/li>\n<li>Podmiot sk\u0142adaj\u0105cy ofert\u0119 na noclegowni\u0119 lub ogrzewalni\u0119 zobowi\u0105zany jest do zapewnienia us\u0142ug oraz standardu obiektu okre\u015blonych w za\u0142\u0105czniku nr 1 i za\u0142\u0105czniku nr 4 do Rozporz\u0105dzenia Ministra Rodziny, Pracy i Polityki Spo\u0142ecznej z dnia 27 kwietnia 2018 r. w sprawie minimalnych standard\u00f3w noclegowni, schronisk dla os\u00f3b bezdomnych, schronisk dla os\u00f3b bezdomnych z us\u0142ugami opieku\u0144czymi i ogrzewalni (Dz. U. z 2018 r., poz. 896).<\/li>\n<li>Podmiot sk\u0142adaj\u0105cy ofert\u0119 na \u015bwiadczenie us\u0142ugi noclegowni, zobowi\u0105zany jest do &nbsp; zapewnienia nast\u0119puj\u0105cego zakresu us\u0142ug:&nbsp; &#8211; czasowej pomocy w postaci miejsca noclegowego, umo\u017cliwiaj\u0105cego sp\u0119dzenie nocy w&nbsp;warunkach gwarantuj\u0105cych ochron\u0119 \u017cycia i zdrowia.<\/li>\n<li>Podmiot sk\u0142adaj\u0105cy ofert\u0119 na \u015bwiadczenie us\u0142ugi ogrzewalni, zobowi\u0105zany jest do zapewnienia nast\u0119puj\u0105cego zakresu us\u0142ug: &#8211; tymczasowego schronienia umo\u017cliwiaj\u0105cego interwencyjny, bezpieczny pobyt w&nbsp;ogrzewanym pomieszczeniu wyposa\u017conym co najmniej w miejsca siedz\u0105ce.<\/li>\n<li>Faktyczna liczba os\u00f3b, kt\u00f3rym \u015bwiadczone b\u0119d\u0105 us\u0142ugi schronienia oraz liczba \u015bwiadcze\u0144 b\u0119dzie uzale\u017cniona od rzeczywistej liczby os\u00f3b, kt\u00f3re wymagaj\u0105 pomocy w formie us\u0142ug schronienia dla os\u00f3b bezdomnych z terenu Gminy Bojszowy, dlatego zamawiaj\u0105cy zastrzega sobie prawo niewyczerpania ca\u0142ego zakresu przedmiotu zam\u00f3wienia w trakcie realizowania umowy.<\/li>\n<li>Rozliczenie us\u0142ug przez Wykonawc\u0119 nast\u0119powa\u0107 b\u0119dzie co miesi\u0105c, w terminie do 10 dnia nast\u0119pnego miesi\u0105ca, <strong>z wy\u0142\u0105czeniem miesi\u0105ca XII, za kt\u00f3ry rozliczenie nast\u0119powa\u0107 b\u0119dzie do 25 grudnia.<\/strong><\/li>\n<li>1. Zap\u0142ata za wykonanie us\u0142ugi b\u0119dzie regulowana miesi\u0119cznie, po wykonaniu us\u0142ugi &#8211; w terminie 14 dni od daty dor\u0119czenia poprawnie wystawionej faktury\/rachunku do CUS.<br>2. Podstaw\u0105 rozliczenia b\u0119dzie z\u0142o\u017cenie przez Wykonawc\u0119 faktury\/rachunku z imiennym wykazem os\u00f3b obj\u0119tych schronieniem w danym miesi\u0105cu i ilo\u015bci dni udzielonego schronienia ;<br>3. Wykonawca zobowi\u0105zany b\u0119dzie niezw\u0142ocznie informowa\u0107 Zamawiaj\u0105cego o ka\u017cdej zmianie sytuacji \u017cyciowej i zdrowotnej osoby korzystaj\u0105cej ze schronienia.<\/li>\n<\/ol>\n<ol style=\"text-align: justify;\" start=\"8\">\n<li>Zamawiaj\u0105cy zastrzega sobie prawo kontroli jako\u015bci \u015bwiadczonych us\u0142ug oraz zgodno\u015bci ich wykonywania z umow\u0105 i wymaganiami zawartymi w niniejszym zapytaniu.<\/li>\n<li>Termin realizacji zam\u00f3wienia: od <strong><em>20.04.2022<\/em><\/strong> <em>do <strong>31.12.2022r.<\/strong><\/em><\/li>\n<\/ol>\n<ol style=\"text-align: justify;\" start=\"10\">\n<li>Opis wymaga\u0144 stawianych Wykonawcy:<br>&#8211; wymagania niezb\u0119dne : w post\u0119powaniu ofertowym mog\u0105 bra\u0107 udzia\u0142 podmioty, je\u017celi ich cele statutowe obejmuj\u0105 prowadzenie dzia\u0142alno\u015bci w zakresie pomocy osobom bezdomnym i zapewniaj\u0105 \u015bwiadczenie us\u0142ug zgodnie z Rozporz\u0105dzeniem Ministra Rodziny, Pracy i Polityki Spo\u0142ecznej&nbsp;&nbsp; z dnia 27 kwietnia 2018r. w sprawie minimalnych standard\u00f3w noclegowni, schronisk dla os\u00f3b bezdomnych, schronisk dla os\u00f3b bezdomnych z us\u0142ugami opieku\u0144czymi i ogrzewalni (Dz. U. z 2018 r., poz. 896). Warunek zostanie spe\u0142niony, je\u017celi Wykonawca z\u0142o\u017cy o\u015bwiadczenie, stanowi\u0105ce za\u0142\u0105cznik nr 3 do niniejszego zapytania ofertowego .<\/li>\n<\/ol>\n<p style=\"text-align: justify;\">10.1. Warunki i zakres realizacji :<\/p>\n<ol style=\"text-align: justify;\">\n<li>Miejscem realizacji zam\u00f3wienia jest miejsce udzielenia schronienia,<\/li>\n<li>Stawk\u0119 dzienn\u0105 nale\u017cy poda\u0107 w \u201eFormularzu ofertowym\u201d (odpowiednio za\u0142\u0105cznik nr 1, nr 2) Wykonawca okre\u015bli stawk\u0119 brutto za wykonanie przedmiotowego zadania.<\/li>\n<\/ol>\n<p style=\"text-align: justify;\">10.2. Pozosta\u0142e warunki realizacji zadania okre\u015blone zosta\u0142y w tre\u015bci umowy (za\u0142\u0105cznik nr 4).<\/p>\n<p style=\"text-align: justify;\"><strong>&nbsp;<\/strong><\/p>\n<p style=\"text-align: justify;\"><strong>III KRYTERIA WYBORU OFERTY<\/strong>:<\/p>\n<p style=\"text-align: justify;\">Cena &#8211; za pobyt jednej osoby za 1 dzie\u0144.<\/p>\n<p style=\"text-align: justify;\">Zamawiaj\u0105cy wybierze ofert\u0119 wykonawcy, kt\u00f3ry zaproponuje najni\u017csz\u0105 cen\u0119 od osoby za 1 dzie\u0144 pobytu.<\/p>\n<ol style=\"text-align: justify;\">\n<li>Spos\u00f3b przygotowania oferty :<br>&#8211; wype\u0142niony formularz ofertowy odpowiednio wg z\u0142\u0105cznika nr 1, nr 2, wz\u00f3r oferty.<\/li>\n<li>Wymagane dokumenty :<br>&#8211; odpis z Krajowego Rejestru S\u0105dowego (je\u017celi dotyczy) lub inny dokument stanowi\u0105cy&nbsp; podstaw\u0119 dzia\u0142alno\u015bci podmiotu (m. in. wydruk z CEIDG);<br>&#8211; dla podmiot\u00f3w dzia\u0142aj\u0105cych na podstawie przepis\u00f3w o stosunku Pa\u0144stwa do Ko\u015bcio\u0142a Katolickiego oraz do innych ko\u015bcio\u0142\u00f3w i zwi\u0105zk\u00f3w wyznaniowych, obowi\u0105zkowym dokumentem jest kopia dekretu o mianowaniu ksi\u0119dza na proboszcza parafii, pe\u0142nomocnictwo lub upowa\u017cnienie zarz\u0105du g\u0142\u00f3wnego, wydane dla os\u00f3b go reprezentuj\u0105cych z oddzia\u0142\u00f3w terenowych nieposiadaj\u0105cych osobowo\u015bci prawnej ,<br>&#8211; dokument zawieraj\u0105cy upowa\u017cnienie do reprezentowania podmiotu w zakresie z\u0142o\u017cenia oferty oraz zawarcia w imieniu podmiotu sk\u0142adaj\u0105cego ofert\u0119 umowy z Gmin\u0105 Bojszowy \u2013 dot. podmiot\u00f3w, kt\u00f3re w dokumencie stanowi\u0105cym&nbsp; podstaw\u0119 dzia\u0142alno\u015bci nie posiadaj\u0105 informacji o osobach upowa\u017cnionych do ich reprezentowania.<\/li>\n<\/ol>\n<ol style=\"text-align: justify;\" start=\"3\">\n<li>Miejsce i termin z\u0142o\u017cenia ofert<\/li>\n<\/ol>\n<p style=\"text-align: justify;\">Oferty mo\u017cna sk\u0142ada\u0107 w nast\u0119puj\u0105cy spos\u00f3b :<\/p>\n<p style=\"text-align: justify;\">a) drog\u0105 elektroniczn\u0105 na adres e\u2010 mail : kontakt@cus.bojszowy.pl<\/p>\n<p style=\"text-align: justify;\">b) drog\u0105 pocztow\u0105 na adres: Centrum Us\u0142ug Spo\u0142ecznych w Bojszowach, ul. Sierpowa 38, 43-220 \u015awierczyniec z dopiskiem<strong> \u201e\u015awiadczenie us\u0142ug tymczasowego schronienia dla os\u00f3b bezdomnych oraz potrzebuj\u0105cych w postaci noclegowni lub ogrzewalni\u201d.<\/strong><\/p>\n<p style=\"text-align: justify;\"><strong>Oferty nale\u017cy sk\u0142ada\u0107 do 05.04.2022r. do godz. 08<\/strong><strong>.00.<\/strong><\/p>\n<p style=\"text-align: justify;\">Rozstrzygni\u0119cie ofert nast\u0105pi w termie 14 dni roboczych i zostanie opublikowane na stronie internetowej zamawiaj\u0105cego.<\/p>\n<p style=\"text-align: justify;\">Aplikacje, kt\u00f3re wp\u0142yn\u0105 po w\/w terminie nie b\u0119d\u0105 rozpatrywane.<\/p>\n<p>&nbsp;<\/p>\n<p>Osoba do kontaktu w przedmiotowej sprawie:<\/p>\n<p>&nbsp;&nbsp;&nbsp;&nbsp;&nbsp;&nbsp; Imi\u0119 i Nazwisko : Anna M\u0142ocek<\/p>\n<p>&nbsp;&nbsp;&nbsp;&nbsp;&nbsp;&nbsp; Tel. 32&nbsp; 328 93 05; e\u2010mail: kontakt@cus.bojszowy.pl<\/p>\n<p>&nbsp;<\/p>\n<p>Za\u0142\u0105czniki :<\/p>\n<p>&nbsp;<\/p>\n<p>Za\u0142\u0105cznik nr 1 \u2013 <a href=\"https:\/\/cus.bojszowy.pl\/bip\/wp-content\/uploads\/sites\/2\/2022\/03\/zalacznik-nr-1.pdf\">formularz ofertowy<\/a><\/p>\n<p>Za\u0142\u0105cznik nr 2 \u2013 <a href=\"https:\/\/cus.bojszowy.pl\/bip\/wp-content\/uploads\/sites\/2\/2022\/03\/zalacznik-nr-2.pdf\">formularz ofertowy<\/a><\/p>\n<p>Za\u0142\u0105cznik nr 3 \u2013 <a href=\"https:\/\/cus.bojszowy.pl\/bip\/wp-content\/uploads\/sites\/2\/2022\/03\/zalacznik-nr-3.pdf\">o\u015bwiadczenie o spe\u0142nieniu warunk\u00f3w udzia\u0142u w post\u0119powaniu<\/a><\/p>\n<p>Za\u0142\u0105cznik nr 4 \u2013 <a href=\"_wp_link_placeholder\" data-wplink-edit=\"true\">umowa o \u015bwiadczenie us\u0142ug tymczasowego schronienia<\/a><\/p>\n<p>&nbsp;&nbsp;&nbsp;&nbsp;&nbsp;&nbsp;&nbsp;&nbsp;&nbsp;&nbsp;&nbsp;&nbsp;&nbsp;&nbsp;&nbsp;&nbsp;&nbsp;&nbsp;&nbsp;&nbsp;&nbsp;&nbsp;&nbsp;&nbsp;&nbsp;&nbsp;&nbsp;&nbsp;&nbsp;&nbsp;&nbsp;&nbsp;&nbsp;&nbsp;&nbsp;&nbsp;&nbsp;&nbsp;&nbsp;&nbsp;&nbsp;&nbsp;&nbsp;&nbsp;&nbsp;&nbsp;&nbsp;&nbsp;&nbsp;&nbsp;&nbsp;&nbsp;&nbsp;&nbsp;&nbsp;&nbsp;&nbsp;&nbsp;<\/p>\n<p>&nbsp;<\/p>\n<p>&nbsp;<\/p>\n<p>&nbsp;<\/p>\n<p>&nbsp;<\/p>\n<p>&nbsp;&nbsp;&nbsp;&nbsp;&nbsp;&nbsp;&nbsp;&nbsp;&nbsp;&nbsp;&nbsp;&nbsp;&nbsp;&nbsp;&nbsp;&nbsp;&nbsp;&nbsp;&nbsp;&nbsp;&nbsp;&nbsp;&nbsp;&nbsp;&nbsp;&nbsp;&nbsp;&nbsp;&nbsp;&nbsp;&nbsp;&nbsp;&nbsp;&nbsp;&nbsp;&nbsp;&nbsp;&nbsp;&nbsp;<\/p>\n<p>&nbsp;<\/p>\n<p>&nbsp;<\/p>\n<p>&nbsp;<\/p>\n<p>&nbsp;<\/p>\n<p>&nbsp;<\/p>\n<p>&nbsp;<\/p>\n<p>&nbsp;<\/p>\n<p>&nbsp;<\/p>\n<p>&nbsp;<\/p>\n<p>&nbsp;<\/p>\n<p>&nbsp;<\/p>\n<p>&nbsp;<\/p>\n<p>&nbsp;<\/p>\n<p>&nbsp;<\/p>\n<p>&nbsp;<\/p>\n<p>&nbsp;<\/p>\n<p>&nbsp;<\/p>\n<p>&nbsp;<\/p>\n<p>&nbsp;&nbsp;&nbsp;&nbsp;&nbsp;&nbsp;&nbsp;&nbsp;&nbsp;&nbsp;&nbsp;&nbsp;&nbsp;&nbsp;&nbsp;&nbsp;&nbsp;&nbsp;&nbsp;&nbsp;&nbsp;&nbsp;&nbsp;&nbsp;&nbsp;&nbsp;&nbsp;&nbsp;&nbsp;&nbsp;&nbsp;&nbsp;&nbsp;&nbsp;&nbsp;&nbsp;&nbsp;&nbsp;&nbsp;&nbsp;&nbsp;&nbsp;&nbsp;&nbsp;&nbsp;&nbsp;&nbsp;&nbsp;&nbsp;&nbsp;&nbsp;&nbsp;&nbsp;&nbsp;&nbsp;&nbsp;&nbsp;&nbsp;&nbsp;&nbsp;&nbsp;&nbsp;&nbsp;&nbsp;&nbsp;&nbsp;&nbsp;&nbsp;&nbsp;&nbsp;&nbsp;&nbsp;&nbsp;&nbsp;&nbsp;&nbsp;&nbsp;&nbsp;&nbsp;&nbsp;&nbsp;&nbsp;&nbsp;&nbsp;&nbsp;&nbsp;&nbsp;&nbsp;<\/p>\n","protected":false},"excerpt":{"rendered":"&nbsp;&nbsp;&nbsp;&nbsp;&nbsp;&nbsp;&nbsp;&nbsp;&nbsp;&nbsp;&nbsp;&nbsp;&nbsp;&nbsp;&nbsp;&nbsp;&nbsp;&nbsp;&nbsp;&nbsp;&nbsp;&nbsp;&nbsp;&nbsp;&nbsp;&nbsp;&nbsp;&nbsp;&nbsp;&nbsp;&nbsp;&nbsp;&nbsp;&nbsp;&nbsp;&nbsp;&nbsp;&nbsp;&nbsp;&nbsp;&nbsp;&nbsp;&nbsp;&nbsp;&nbsp;&nbsp;&nbsp;&nbsp;&nbsp;&nbsp;&nbsp;&nbsp;&nbsp;&nbsp;&nbsp;&nbsp;&nbsp;&nbsp;&nbsp;&nbsp;&nbsp;&nbsp;&nbsp;&nbsp;&nbsp;&nbsp;&nbsp;&nbsp;&nbsp;&nbsp;&nbsp;&nbsp;&nbsp;&nbsp;&nbsp;&nbsp;&nbsp;&nbsp;&nbsp;&nbsp;&nbsp;&nbsp;&nbsp;&nbsp;&nbsp;&nbsp;&nbsp;&nbsp;&nbsp;&nbsp;&nbsp;&nbsp;&nbsp;&nbsp;&nbsp;&nbsp;&nbsp;&nbsp;&nbsp;&nbsp;&nbsp;&nbsp;&nbsp;&nbsp;&nbsp;&nbsp;&nbsp;&nbsp;&nbsp;&nbsp;&nbsp;&nbsp;&nbsp;&nbsp;&nbsp;&nbsp;&nbsp;&nbsp;&nbsp;&nbsp;&nbsp;&nbsp;&nbsp;&nbsp;&nbsp; Zaproszenie do sk\u0142adania ofert ZAPYTANIE OFERTOWE NR 3\/ZO\/CUS\/2022 z dnia 2022-03-28. &nbsp; I. ZAMAWIAJ\u0104CY: Gmina Bojszowy, ul. Gaikowa 35, 43-220 Bojszowy Odbiorca us\u0142ug \u2013 Centrum Us\u0142ug Spo\u0142ecznych w Bojszowach tel. (32) 328 93 05, faks (32) 328 93 20 adres e-mail: kontakt@cus.bojszowy.pl &nbsp; II. NAZWA I OPIS PRZEDMIOTU ZAM\u00d3WIENIA Dzia\u0142aj\u0105c zgodnie z art. 2&hellip;","protected":false},"author":6,"featured_media":0,"parent":0,"menu_order":0,"comment_status":"closed","ping_status":"closed","template":"","meta":{"ngg_post_thumbnail":0,"footnotes":""},"class_list":["post-2733","page","type-page","status-publish","hentry","description-off"],"_links":{"self":[{"href":"https:\/\/cus.bojszowy.pl\/bip\/wp-json\/wp\/v2\/pages\/2733","targetHints":{"allow":["GET"]}}],"collection":[{"href":"https:\/\/cus.bojszowy.pl\/bip\/wp-json\/wp\/v2\/pages"}],"about":[{"href":"https:\/\/cus.bojszowy.pl\/bip\/wp-json\/wp\/v2\/types\/page"}],"author":[{"embeddable":true,"href":"https:\/\/cus.bojszowy.pl\/bip\/wp-json\/wp\/v2\/users\/6"}],"replies":[{"embeddable":true,"href":"https:\/\/cus.bojszowy.pl\/bip\/wp-json\/wp\/v2\/comments?post=2733"}],"version-history":[{"count":1,"href":"https:\/\/cus.bojszowy.pl\/bip\/wp-json\/wp\/v2\/pages\/2733\/revisions"}],"predecessor-version":[{"id":2738,"href":"https:\/\/cus.bojszowy.pl\/bip\/wp-json\/wp\/v2\/pages\/2733\/revisions\/2738"}],"wp:attachment":[{"href":"https:\/\/cus.bojszowy.pl\/bip\/wp-json\/wp\/v2\/media?parent=2733"}],"curies":[{"name":"wp","href":"https:\/\/api.w.org\/{rel}","templated":true}]}}