{"id":2984,"date":"2024-07-26T13:23:46","date_gmt":"2024-07-26T11:23:46","guid":{"rendered":"https:\/\/cus.bojszowy.pl\/bip\/?page_id=2984"},"modified":"2024-07-26T13:23:52","modified_gmt":"2024-07-26T11:23:52","slug":"sprawozdawczosc-za-rok-2023","status":"publish","type":"page","link":"https:\/\/cus.bojszowy.pl\/bip\/sprawozdawczosc-za-rok-2023\/","title":{"rendered":"Sprawozdawczo\u015b\u0107 za rok 2023"},"content":{"rendered":"\n\n\n\n\n<p><a href=\"https:\/\/cus.bojszowy.pl\/bip\/wp-content\/uploads\/sites\/2\/2024\/07\/Sprawozdanie-finansowa-za-2023r.pdf\" data-wahfont=\"14\">Sprawozdawczo\u015b\u0107 Centrum Us\u0142ug Spo\u0142ecznych w Bojszowach za rok 2023<\/a><\/p>\n","protected":false},"excerpt":{"rendered":"Sprawozdawczo\u015b\u0107 Centrum Us\u0142ug Spo\u0142ecznych w Bojszowach za rok 2023","protected":false},"author":6,"featured_media":0,"parent":0,"menu_order":0,"comment_status":"closed","ping_status":"closed","template":"","meta":{"ngg_post_thumbnail":0,"footnotes":""},"class_list":["post-2984","page","type-page","status-publish","hentry","description-off"],"_links":{"self":[{"href":"https:\/\/cus.bojszowy.pl\/bip\/wp-json\/wp\/v2\/pages\/2984","targetHints":{"allow":["GET"]}}],"collection":[{"href":"https:\/\/cus.bojszowy.pl\/bip\/wp-json\/wp\/v2\/pages"}],"about":[{"href":"https:\/\/cus.bojszowy.pl\/bip\/wp-json\/wp\/v2\/types\/page"}],"author":[{"embeddable":true,"href":"https:\/\/cus.bojszowy.pl\/bip\/wp-json\/wp\/v2\/users\/6"}],"replies":[{"embeddable":true,"href":"https:\/\/cus.bojszowy.pl\/bip\/wp-json\/wp\/v2\/comments?post=2984"}],"version-history":[{"count":1,"href":"https:\/\/cus.bojszowy.pl\/bip\/wp-json\/wp\/v2\/pages\/2984\/revisions"}],"predecessor-version":[{"id":2986,"href":"https:\/\/cus.bojszowy.pl\/bip\/wp-json\/wp\/v2\/pages\/2984\/revisions\/2986"}],"wp:attachment":[{"href":"https:\/\/cus.bojszowy.pl\/bip\/wp-json\/wp\/v2\/media?parent=2984"}],"curies":[{"name":"wp","href":"https:\/\/api.w.org\/{rel}","templated":true}]}}