{"id":2991,"date":"2024-08-12T12:11:58","date_gmt":"2024-08-12T10:11:58","guid":{"rendered":"https:\/\/cus.bojszowy.pl\/bip\/?page_id=2991"},"modified":"2025-10-14T08:43:37","modified_gmt":"2025-10-14T06:43:37","slug":"tablica-ogloszen","status":"publish","type":"page","link":"https:\/\/cus.bojszowy.pl\/bip\/tablica-ogloszen\/","title":{"rendered":"Tablica og\u0142osze\u0144"},"content":{"rendered":"\n<ul class=\"wp-block-list\">\n<li>Nab\u00f3r wniosk\u00f3w w\u00a0ramach resortowego programu Ministra Rodziny, Pracy i\u00a0Polityki Spo\u0142ecznej \u201dOpieka wytchnieniowa\u201d dla Jednostek Samorz\u0105du Terytorialnego \u2013 edycja 2026<\/li>\n<\/ul>\n\n\n\n<p><a href=\"https:\/\/niepelnosprawni.gov.pl\/program-fs\/nabor-wnioskow-w-ramach-resortowego-programu-ministra-rodziny-pracy-i-polityki-spolecznej-opieka-wytchnieniowa-dla-jednostek-samorzadu-terytorialnego-edycja-2026\/\">Og\u0142oszenie o naborze wniosk\u00f3w oraz Program wraz z za\u0142\u0105cznikami<\/a><\/p>\n\n\n\n<p><\/p>\n\n\n\n<ul class=\"wp-block-list\">\n<li>Nab\u00f3r wniosk\u00f3w w ramach resortowego programu Ministra Rodziny, Pracy i Polityki Spo\u0142ecznej &#8222;Asystent osobisty osoby z niepe\u0142nosprawno\u015bci\u0105&#8221; dla Jednostek Samorz\u0105du Terytorialnego \u2013 edycja 2026<\/li>\n<\/ul>\n\n\n\n<p><a href=\"https:\/\/niepelnosprawni.gov.pl\/program-fs\/nabor-wnioskow-w-ramach-resortowego-programu-ministra-rodziny-pracy-i-polityki-spolecznej-asystent-osobisty-osoby-z-niepelnosprawnoscia-dla-jednostek-samorzadu-terytorialnego\/\">Og\u0142oszenie o naborze wniosk\u00f3w oraz Program wraz z za\u0142\u0105cznikami<\/a><\/p>\n\n\n\n<ul style=\"list-style-type: square;\">\n<li>Nab\u00f3r wniosk\u00f3w w ramach resortowego programu Ministra Rodziny, Pracy i Polityki Spo\u0142ecznej &#8221; Opieka wytchnieniowa\u201d dla Jednostek Samorz\u0105du Terytorialnego &#8211; edycja 2025<\/li>\n<\/ul>\n<p><a href=\"https:\/\/niepelnosprawni.gov.pl\/a,1555,nabor-wnioskow-w-ramach-resortowego-programu-ministra-rodziny-pracy-i-polityki-spolecznej-opieka-wytchnieniowa-dla-jednostek-samorzadu-terytorialnego-edycja-2025\">Og\u0142oszenie o naborze wniosk\u00f3w oraz Program wraz z za\u0142\u0105cznikami<\/a><\/p>\n<p>&nbsp;<\/p>\n<p>&nbsp;<\/p>\n<ul style=\"list-style-type: square;\">\n<li>Nab\u00f3r wniosk\u00f3w w ramach resortowego programu Ministra Rodziny, Pracy i Polityki Spo\u0142ecznej &#8222;Asystent osobisty osoby z niepe\u0142nosprawno\u015bci\u0105\u201d dla Jednostek Samorz\u0105du Terytorialnego &#8211; edycja 2025<\/li>\n<\/ul>\n<p>Og\u0142oszenie o naborze wniosk\u00f3w oraz Program wraz z za\u0142\u0105cznikami:<\/p>\n<p><a href=\"https:\/\/niepelnosprawni.gov.pl\/a,1533,nabor-wnioskow-w-ramach-resortowego-programu-ministra-rodziny-pracy-i-polityki-spolecznej-asystent-osobisty-osoby-z-niepelnosprawnoscia-dla-jednostek-samorzadu-terytorialnego-edycja-2025\">https:\/\/niepelnosprawni.gov.pl\/a,1533,nabor-wnioskow-w-ramach-resortowego-programu-ministra-rodziny-pracy-i-polityki-spolecznej-asystent-osobisty-osoby-z-niepelnosprawnoscia-dla-jednostek-samorzadu-terytorialnego-edycja-2025<\/a><\/p>\n\n\n","protected":false},"excerpt":{"rendered":"<p>Og\u0142oszenie o naborze wniosk\u00f3w oraz Program wraz z za\u0142\u0105cznikami Og\u0142oszenie o naborze wniosk\u00f3w oraz Program wraz z za\u0142\u0105cznikami<\/p>\n","protected":false},"author":6,"featured_media":0,"parent":0,"menu_order":0,"comment_status":"closed","ping_status":"closed","template":"","meta":{"ngg_post_thumbnail":0,"footnotes":""},"class_list":["post-2991","page","type-page","status-publish","hentry","description-off"],"_links":{"self":[{"href":"https:\/\/cus.bojszowy.pl\/bip\/wp-json\/wp\/v2\/pages\/2991","targetHints":{"allow":["GET"]}}],"collection":[{"href":"https:\/\/cus.bojszowy.pl\/bip\/wp-json\/wp\/v2\/pages"}],"about":[{"href":"https:\/\/cus.bojszowy.pl\/bip\/wp-json\/wp\/v2\/types\/page"}],"author":[{"embeddable":true,"href":"https:\/\/cus.bojszowy.pl\/bip\/wp-json\/wp\/v2\/users\/6"}],"replies":[{"embeddable":true,"href":"https:\/\/cus.bojszowy.pl\/bip\/wp-json\/wp\/v2\/comments?post=2991"}],"version-history":[{"count":5,"href":"https:\/\/cus.bojszowy.pl\/bip\/wp-json\/wp\/v2\/pages\/2991\/revisions"}],"predecessor-version":[{"id":3098,"href":"https:\/\/cus.bojszowy.pl\/bip\/wp-json\/wp\/v2\/pages\/2991\/revisions\/3098"}],"wp:attachment":[{"href":"https:\/\/cus.bojszowy.pl\/bip\/wp-json\/wp\/v2\/media?parent=2991"}],"curies":[{"name":"wp","href":"https:\/\/api.w.org\/{rel}","templated":true}]}}