{"id":3119,"date":"2025-11-20T08:56:57","date_gmt":"2025-11-20T07:56:57","guid":{"rendered":"https:\/\/cus.bojszowy.pl\/bip\/?page_id=3119"},"modified":"2025-12-15T10:35:44","modified_gmt":"2025-12-15T09:35:44","slug":"zapytanie-ofertowe-1-2025","status":"publish","type":"page","link":"https:\/\/cus.bojszowy.pl\/bip\/zapytanie-ofertowe-1-2025\/","title":{"rendered":"Zapytanie ofertowe 1\/2025"},"content":{"rendered":"\n<p><a href=\"https:\/\/cus.bojszowy.pl\/bip\/wp-content\/uploads\/sites\/2\/2025\/11\/zapytanie-ofertowe-1ZOCUS2025.pdf\">Zapytanie ofertowe nr 1\/ZO\/CUS\/2025<\/a>&nbsp;<br><a href=\"https:\/\/cus.bojszowy.pl\/bip\/wp-content\/uploads\/sites\/2\/2025\/11\/zalacznik-nr-1-formularz-ofertowy.pdf\">Za\u0142\u0105cznik nr 1<\/a><br><a href=\"https:\/\/cus.bojszowy.pl\/bip\/wp-content\/uploads\/sites\/2\/2025\/11\/zalacznik-nr-2-formularz-ofertowy.pdf\">Za\u0142\u0105cznik nr 2<\/a><br><a href=\"https:\/\/cus.bojszowy.pl\/bip\/wp-content\/uploads\/sites\/2\/2025\/11\/zalacznik-nr-3-formularz-ofertowy.pdf\">Za\u0142\u0105cznik nr 3<\/a><br><a href=\"https:\/\/cus.bojszowy.pl\/bip\/wp-content\/uploads\/sites\/2\/2025\/11\/zalacznik-nr-4-formularz-ofertowy.pdf\">Za\u0142\u0105cznik nr 4<\/a><br><a href=\"https:\/\/cus.bojszowy.pl\/bip\/wp-content\/uploads\/sites\/2\/2025\/11\/zalacznik-nr-5-oswiadczenie-o-spelnieniu-warunkow.pdf\">Za\u0142\u0105cznik nr 5<\/a><br><a href=\"https:\/\/cus.bojszowy.pl\/bip\/wp-content\/uploads\/sites\/2\/2025\/11\/zalacznik-nr-6-wzor-umowy.pdf\">Za\u0142\u0105cznik nr 6<\/a><\/p>\n\n\n\n<p><a href=\"https:\/\/cus.bojszowy.pl\/bip\/wp-content\/uploads\/sites\/2\/2025\/12\/SKM_C25825121510301.pdf\">Informacja z otwarcia ofert<\/a><\/p>\n\n\n\n<p><a href=\"https:\/\/cus.bojszowy.pl\/bip\/wp-content\/uploads\/sites\/2\/2025\/12\/SKM_C25825121510300.pdf\">Wyb\u00f3r najkorzystniejszej oferty<\/a><\/p>\n","protected":false},"excerpt":{"rendered":"<p>Zapytanie ofertowe nr 1\/ZO\/CUS\/2025&nbsp;Za\u0142\u0105cznik nr 1Za\u0142\u0105cznik nr 2Za\u0142\u0105cznik nr 3Za\u0142\u0105cznik nr 4Za\u0142\u0105cznik nr 5Za\u0142\u0105cznik nr 6 Informacja z otwarcia ofert Wyb\u00f3r najkorzystniejszej oferty<\/p>\n","protected":false},"author":6,"featured_media":0,"parent":0,"menu_order":0,"comment_status":"closed","ping_status":"closed","template":"","meta":{"ngg_post_thumbnail":0,"footnotes":""},"class_list":["post-3119","page","type-page","status-publish","hentry","description-off"],"_links":{"self":[{"href":"https:\/\/cus.bojszowy.pl\/bip\/wp-json\/wp\/v2\/pages\/3119","targetHints":{"allow":["GET"]}}],"collection":[{"href":"https:\/\/cus.bojszowy.pl\/bip\/wp-json\/wp\/v2\/pages"}],"about":[{"href":"https:\/\/cus.bojszowy.pl\/bip\/wp-json\/wp\/v2\/types\/page"}],"author":[{"embeddable":true,"href":"https:\/\/cus.bojszowy.pl\/bip\/wp-json\/wp\/v2\/users\/6"}],"replies":[{"embeddable":true,"href":"https:\/\/cus.bojszowy.pl\/bip\/wp-json\/wp\/v2\/comments?post=3119"}],"version-history":[{"count":2,"href":"https:\/\/cus.bojszowy.pl\/bip\/wp-json\/wp\/v2\/pages\/3119\/revisions"}],"predecessor-version":[{"id":3126,"href":"https:\/\/cus.bojszowy.pl\/bip\/wp-json\/wp\/v2\/pages\/3119\/revisions\/3126"}],"wp:attachment":[{"href":"https:\/\/cus.bojszowy.pl\/bip\/wp-json\/wp\/v2\/media?parent=3119"}],"curies":[{"name":"wp","href":"https:\/\/api.w.org\/{rel}","templated":true}]}}