{"id":525,"date":"2011-03-22T12:42:24","date_gmt":"2011-03-22T11:42:24","guid":{"rendered":"https:\/\/cus.bojszowy.pl\/?page_id=525"},"modified":"2016-03-21T11:17:44","modified_gmt":"2016-03-21T10:17:44","slug":"organizacja","status":"publish","type":"page","link":"https:\/\/cus.bojszowy.pl\/bip\/organizacja\/","title":{"rendered":"Organizacja"},"content":{"rendered":"<p><a href=\"https:\/\/cus.bojszowy.pl\/bip\/wp-content\/uploads\/sites\/2\/2011\/03\/zarzadzenie-kierownika-schemat.pdf\">Zarz\u0105dzenie Nr 4.120.2014 Kierownika Gminnego O\u015brodka Pomocy Spo\u0142ecznej w Bojszowach z dnia 31 grudnia 2014r. w sprawie nadania Regulaminu Organizacyjnego Gminnego O\u015brodka Pomocy Spo\u0142ecznej w Bojszowach.<\/a><\/p>\n<p><a href=\"https:\/\/cus.bojszowy.pl\/bip\/wp-content\/uploads\/sites\/2\/2011\/03\/schemat-organizacyjny1.pdf\" target=\"_blank\">Schemat organizacyjny<\/a><\/p>\n<p>&nbsp;<\/p>\n","protected":false},"excerpt":{"rendered":"<p>Zarz\u0105dzenie Nr 4.120.2014 Kierownika Gminnego O\u015brodka Pomocy Spo\u0142ecznej w Bojszowach z dnia 31 grudnia 2014r. w sprawie nadania Regulaminu Organizacyjnego Gminnego O\u015brodka Pomocy Spo\u0142ecznej w Bojszowach. Schemat organizacyjny &nbsp;<\/p>\n","protected":false},"author":1,"featured_media":0,"parent":0,"menu_order":0,"comment_status":"closed","ping_status":"closed","template":"","meta":{"ngg_post_thumbnail":0,"footnotes":""},"class_list":["post-525","page","type-page","status-publish","hentry","description-off"],"_links":{"self":[{"href":"https:\/\/cus.bojszowy.pl\/bip\/wp-json\/wp\/v2\/pages\/525","targetHints":{"allow":["GET"]}}],"collection":[{"href":"https:\/\/cus.bojszowy.pl\/bip\/wp-json\/wp\/v2\/pages"}],"about":[{"href":"https:\/\/cus.bojszowy.pl\/bip\/wp-json\/wp\/v2\/types\/page"}],"author":[{"embeddable":true,"href":"https:\/\/cus.bojszowy.pl\/bip\/wp-json\/wp\/v2\/users\/1"}],"replies":[{"embeddable":true,"href":"https:\/\/cus.bojszowy.pl\/bip\/wp-json\/wp\/v2\/comments?post=525"}],"version-history":[{"count":5,"href":"https:\/\/cus.bojszowy.pl\/bip\/wp-json\/wp\/v2\/pages\/525\/revisions"}],"predecessor-version":[{"id":1947,"href":"https:\/\/cus.bojszowy.pl\/bip\/wp-json\/wp\/v2\/pages\/525\/revisions\/1947"}],"wp:attachment":[{"href":"https:\/\/cus.bojszowy.pl\/bip\/wp-json\/wp\/v2\/media?parent=525"}],"curies":[{"name":"wp","href":"https:\/\/api.w.org\/{rel}","templated":true}]}}