{"id":531,"date":"2011-03-22T12:44:21","date_gmt":"2011-03-22T12:44:21","guid":{"rendered":"https:\/\/cus.bojszowy.pl\/?page_id=531"},"modified":"2022-05-23T09:18:10","modified_gmt":"2022-05-23T07:18:10","slug":"majatek","status":"publish","type":"page","link":"https:\/\/cus.bojszowy.pl\/bip\/majatek\/","title":{"rendered":"Maj\u0105tek"},"content":{"rendered":"<h2><strong>2011<\/strong><\/h2>\n<table cellspacing=\"0\" cellpadding=\"0\" border=\"1\">\n<tbody>\n<tr>\n<td style=\"text-align: center;\" width=\"123\"><strong>Rodzaj<\/strong><\/td>\n<td style=\"text-align: center;\" width=\"123\"><strong>Warto\u015b\u0107 na dzie\u0144 31.03.2011<\/strong><\/td>\n<td style=\"text-align: center;\" width=\"123\"><strong>Zwi\u0119kszenia<\/strong><\/td>\n<td style=\"text-align: center;\" width=\"123\"><strong>Zmniejszenia<\/strong><\/td>\n<td style=\"text-align: center;\" width=\"123\"><strong>Warto\u015b\u0107 na dzie\u0144 31.12.2011<\/strong><\/td>\n<\/tr>\n<tr>\n<td style=\"text-align: center;\" width=\"123\" valign=\"top\">\u015arodki trwa\u0142e<br>Grupa 4Grupa 8<\/td>\n<td style=\"text-align: center;\" width=\"123\">506,547&nbsp;690,51<\/td>\n<td style=\"text-align: center;\" width=\"123\">&#8212;<\/td>\n<td style=\"text-align: center;\" width=\"123\">-4&nbsp;191,51<\/td>\n<td style=\"text-align: center;\" width=\"123\">5&nbsp;906,543&nbsp;499,00<\/td>\n<\/tr>\n<tr>\n<td style=\"text-align: center;\" width=\"123\" valign=\"top\">Warto\u015bci Niematerialne i Prawne<\/td>\n<td style=\"text-align: center;\" width=\"123\">21&nbsp;572,80<\/td>\n<td style=\"text-align: center;\" width=\"123\">&#8211;<\/td>\n<td style=\"text-align: center;\" width=\"123\">&#8211;<\/td>\n<td style=\"text-align: center;\" width=\"123\">21&nbsp;572,80<\/td>\n<\/tr>\n<tr>\n<td style=\"text-align: center;\" width=\"123\" valign=\"top\">Pozosta\u0142e \u015brodki trwa\u0142e<\/td>\n<td style=\"text-align: center;\" width=\"123\">330 279,25<\/td>\n<td style=\"text-align: center;\" width=\"123\">23 533,73<\/td>\n<td style=\"text-align: center;\" width=\"123\">15&nbsp;413,58<\/td>\n<td style=\"text-align: center;\" width=\"123\">338&nbsp;399,40<\/td>\n<\/tr>\n<\/tbody>\n<\/table>\n<p>&nbsp;<\/p>\n<h2><strong>2012<\/strong><\/h2>\n<table cellspacing=\"0\" cellpadding=\"0\" border=\"1\">\n<tbody>\n<tr>\n<td style=\"text-align: center;\" width=\"123\"><strong>Rodzaj<\/strong><\/td>\n<td style=\"text-align: center;\" width=\"123\"><strong>Warto\u015b\u0107 na dzie\u0144 31.12.2011<\/strong><\/td>\n<td style=\"text-align: center;\" width=\"123\"><strong>Zwi\u0119kszenia<\/strong><\/td>\n<td style=\"text-align: center;\" width=\"123\"><strong>Zmniejszenia<\/strong><\/td>\n<td style=\"text-align: center;\" width=\"123\"><strong>Warto\u015b\u0107 na dzie\u0144 31.12.2012<\/strong><\/td>\n<\/tr>\n<tr>\n<td style=\"text-align: center;\" width=\"123\" valign=\"top\">\u015arodki trwa\u0142e<br>Grupa 3<br>Grupa 4<br>Grupa 8<\/td>\n<td style=\"text-align: center;\" width=\"123\">&#8211;<br>5 906,54<br>3499,00<\/td>\n<td style=\"text-align: center;\" width=\"123\">132 724,68<br>2 717,41<br>1305,92<\/td>\n<td style=\"text-align: center;\" width=\"123\">&#8211;<br>&#8211;<br>&#8211;<\/td>\n<td style=\"text-align: center;\" width=\"123\">132 724,68<br>8 623,95<br>4 804,92<\/td>\n<\/tr>\n<tr>\n<td style=\"text-align: center;\" width=\"123\" valign=\"top\">Warto\u015bci Niematerialne i Prawne<\/td>\n<td style=\"text-align: center;\" width=\"123\">21&nbsp;572,80<\/td>\n<td style=\"text-align: center;\" width=\"123\">&#8211;<\/td>\n<td style=\"text-align: center;\" width=\"123\">&#8211;<\/td>\n<td style=\"text-align: center;\" width=\"123\">19 656,36<\/td>\n<\/tr>\n<tr>\n<td style=\"text-align: center;\" width=\"123\" valign=\"top\">Pozosta\u0142e \u015brodki trwa\u0142e<\/td>\n<td style=\"text-align: center;\" width=\"123\">338 399,40<\/td>\n<td style=\"text-align: center;\" width=\"123\">19 583,34<\/td>\n<td style=\"text-align: center;\" width=\"123\">7 127,88<\/td>\n<td style=\"text-align: center;\" width=\"123\">350 854,86<\/td>\n<\/tr>\n<\/tbody>\n<\/table>\n<p>&nbsp;<\/p>\n<p>&nbsp;<\/p>\n<h2><strong>2013<\/strong><\/h2>\n<table cellspacing=\"0\" cellpadding=\"0\" border=\"1\">\n<tbody>\n<tr>\n<td style=\"text-align: center;\" width=\"123\"><strong>Rodzaj<\/strong><\/td>\n<td style=\"text-align: center;\" width=\"123\"><strong>Warto\u015b\u0107 na dzie\u0144 31.12.2012<\/strong><\/td>\n<td style=\"text-align: center;\" width=\"123\"><strong>Zwi\u0119kszenia<\/strong><\/td>\n<td style=\"text-align: center;\" width=\"123\"><strong>Zmniejszenia<\/strong><\/td>\n<td style=\"text-align: center;\" width=\"123\"><strong>Warto\u015b\u0107 na dzie\u0144 31.12.2013<\/strong><\/td>\n<\/tr>\n<tr>\n<td style=\"text-align: center;\" width=\"123\" valign=\"top\">\u015arodki trwa\u0142e<br>Grupa 0<br>Grupa 4<br>Grupa 8<\/td>\n<td style=\"text-align: center;\" width=\"123\">132 724,68<br>8 623,95<br>4 804,92<\/td>\n<td style=\"text-align: center;\" width=\"123\">&#8212;<br>&#8211;<\/td>\n<td style=\"text-align: center;\" width=\"123\">&#8212;<br>&#8211;<\/td>\n<td style=\"text-align: center;\" width=\"123\">132 724,68<br>8 623,95<br>4 804,92<\/td>\n<\/tr>\n<tr>\n<td style=\"text-align: center;\" width=\"123\" valign=\"top\">Warto\u015bci Niematerialne i Prawne<\/td>\n<td style=\"text-align: center;\" width=\"123\">19 656,36<\/td>\n<td style=\"text-align: center;\" width=\"123\">&#8211;<\/td>\n<td style=\"text-align: center;\" width=\"123\">&#8211;<\/td>\n<td style=\"text-align: center;\" width=\"123\">21 252,90<\/td>\n<\/tr>\n<tr>\n<td style=\"text-align: center;\" width=\"123\" valign=\"top\">Pozosta\u0142e \u015brodki trwa\u0142e<\/td>\n<td style=\"text-align: center;\" width=\"123\">350 854,86<\/td>\n<td style=\"text-align: center;\" width=\"123\">74 384,12<\/td>\n<td style=\"text-align: center;\" width=\"123\">6 484,90<\/td>\n<td style=\"text-align: center;\" width=\"123\">338&nbsp;399,40<\/td>\n<\/tr>\n<\/tbody>\n<\/table>\n<p>&nbsp;<\/p>\n<p>&nbsp;<\/p>\n<h2><strong>2014<\/strong><\/h2>\n<table cellspacing=\"0\" cellpadding=\"0\" border=\"1\">\n<tbody>\n<tr>\n<td style=\"text-align: center;\" width=\"123\"><strong>Rodzaj<\/strong><\/td>\n<td style=\"text-align: center;\" width=\"123\"><strong>Warto\u015b\u0107 na dzie\u0144 31.12.2013<\/strong><\/td>\n<td style=\"text-align: center;\" width=\"123\"><strong>Zwi\u0119kszenia<\/strong><\/td>\n<td style=\"text-align: center;\" width=\"123\"><strong>Zmniejszenia<\/strong><\/td>\n<td style=\"text-align: center;\" width=\"123\"><strong>Warto\u015b\u0107 na dzie\u0144 31.12.2014<\/strong><\/td>\n<\/tr>\n<tr>\n<td style=\"text-align: center;\" width=\"123\" valign=\"top\">\u015arodki trwa\u0142e<br>Grupa 0<br>Grupa 4<br>Grupa 8<\/td>\n<td style=\"text-align: center;\" width=\"123\">132 724,68<br>8 623,95<br>4 804,92<\/td>\n<td style=\"text-align: center;\" width=\"123\">&#8212;<br>&#8211;<\/td>\n<td style=\"text-align: center;\" width=\"123\">&#8211;<br>4 804,92<br>&#8211;<\/td>\n<td style=\"text-align: center;\" width=\"123\">132 724,68<br>8 623,95<br>&#8211;<\/td>\n<\/tr>\n<tr>\n<td style=\"text-align: center;\" width=\"123\" valign=\"top\">Warto\u015bci Niematerialne i Prawne<\/td>\n<td style=\"text-align: center;\" width=\"123\">21 252,90<\/td>\n<td style=\"text-align: center;\" width=\"123\">933,57<\/td>\n<td style=\"text-align: center;\" width=\"123\">9 342,72<\/td>\n<td style=\"text-align: center;\" width=\"123\">12 843,75<\/td>\n<\/tr>\n<tr>\n<td style=\"text-align: center;\" width=\"123\" valign=\"top\">Pozosta\u0142e \u015brodki trwa\u0142e<\/td>\n<td style=\"text-align: center;\" width=\"123\">418 751,08<\/td>\n<td style=\"text-align: center;\" width=\"123\">38 502,24<\/td>\n<td style=\"text-align: center;\" width=\"123\">14 942,06<\/td>\n<td style=\"text-align: center;\" width=\"123\">442 311,26<\/td>\n<\/tr>\n<\/tbody>\n<\/table>\n<p>&nbsp;<\/p>\n<h2><strong>2015<\/strong><\/h2>\n<table cellspacing=\"0\" cellpadding=\"0\" border=\"1\">\n<tbody>\n<tr>\n<td style=\"text-align: center;\" width=\"123\"><strong>Rodzaj<\/strong><\/td>\n<td style=\"text-align: center;\" width=\"123\"><strong>Warto\u015b\u0107 na dzie\u0144 31.12.2014<\/strong><\/td>\n<td style=\"text-align: center;\" width=\"123\"><strong>Zwi\u0119kszenia<\/strong><\/td>\n<td style=\"text-align: center;\" width=\"123\"><strong>Zmniejszenia<\/strong><\/td>\n<td style=\"text-align: center;\" width=\"123\"><strong>Warto\u015b\u0107 na dzie\u0144 31.12.2015<\/strong><\/td>\n<\/tr>\n<tr>\n<td style=\"text-align: center;\" width=\"123\" valign=\"top\">\u015arodki trwa\u0142e<br>Grupa 0<br>Grupa 4<br>Grupa 3<\/td>\n<td style=\"text-align: center;\" width=\"123\">132 724,68<br>8 623,95<br>0<\/td>\n<td style=\"text-align: center;\" width=\"123\">&#8211;<br>&#8211;<br>29 089,50<\/td>\n<td style=\"text-align: center;\" width=\"123\">&#8211;<br>&#8211;<br>&#8211;<\/td>\n<td style=\"text-align: center;\" width=\"123\">132 724,68<br>8 623,95<br>29 089,50<\/td>\n<\/tr>\n<tr>\n<td style=\"text-align: center;\" width=\"123\" valign=\"top\">Warto\u015bci Niematerialne i Prawne<\/td>\n<td style=\"text-align: center;\" width=\"123\">12 843,75<\/td>\n<td style=\"text-align: center;\" width=\"123\">&#8211;<\/td>\n<td style=\"text-align: center;\" width=\"123\">&#8211;<\/td>\n<td style=\"text-align: center;\" width=\"123\">12 843,75<\/td>\n<\/tr>\n<tr>\n<td style=\"text-align: center;\" width=\"123\" valign=\"top\">Pozosta\u0142e \u015brodki trwa\u0142e<\/td>\n<td style=\"text-align: center;\" width=\"123\">442 311,26<\/td>\n<td style=\"text-align: center;\" width=\"123\">1 549,80<\/td>\n<td style=\"text-align: center;\" width=\"123\">7 149,77<\/td>\n<td style=\"text-align: center;\" width=\"123\">436 711,29<\/td>\n<\/tr>\n<\/tbody>\n<\/table>\n<p>&nbsp;<\/p>\n<h2><strong>2016<\/strong><\/h2>\n<table cellspacing=\"0\" cellpadding=\"0\" border=\"1\">\n<tbody>\n<tr>\n<td style=\"text-align: center;\" width=\"123\"><strong>Rodzaj<\/strong><\/td>\n<td style=\"text-align: center;\" width=\"123\"><strong>Warto\u015b\u0107 na dzie\u0144 31.12.2015<\/strong><\/td>\n<td style=\"text-align: center;\" width=\"123\"><strong>Zwi\u0119kszenia<\/strong><\/td>\n<td style=\"text-align: center;\" width=\"123\"><strong>Zmniejszenia<\/strong><\/td>\n<td style=\"text-align: center;\" width=\"123\"><strong>Warto\u015b\u0107 na dzie\u0144 31.12.2016<\/strong><\/td>\n<\/tr>\n<tr>\n<td style=\"text-align: center;\" width=\"123\" valign=\"top\">\u015arodki trwa\u0142e<br>Grupa 0<br>Grupa 4<br>Grupa 3<br>Grupa 8<\/td>\n<td style=\"text-align: center;\" width=\"123\">132 724,68<br>8 623,95<br>0<\/td>\n<td style=\"text-align: center;\" width=\"123\">&#8211;<br>&#8211;<br>&#8211;<br>9 599,00<\/td>\n<td style=\"text-align: center;\" width=\"123\">&#8211;<br>&#8211;<br>&#8211;<\/td>\n<td style=\"text-align: center;\" width=\"123\">132 724,68<br>8 623,95<br>29 089,50<br>9 599,00<\/td>\n<\/tr>\n<tr>\n<td style=\"text-align: center;\" width=\"123\" valign=\"top\">Warto\u015bci Niematerialne i Prawne<\/td>\n<td style=\"text-align: center;\" width=\"123\">12 843,75<\/td>\n<td style=\"text-align: center;\" width=\"123\">&#8211;<\/td>\n<td style=\"text-align: center;\" width=\"123\">&#8211;<\/td>\n<td style=\"text-align: center;\" width=\"123\">12 843,75<\/td>\n<\/tr>\n<tr>\n<td style=\"text-align: center;\" width=\"123\" valign=\"top\">Pozosta\u0142e \u015brodki trwa\u0142e<\/td>\n<td style=\"text-align: center;\" width=\"123\">436 711,29<\/td>\n<td style=\"text-align: center;\" width=\"123\">14 728,48<\/td>\n<td style=\"text-align: center;\" width=\"123\">1 537,30<\/td>\n<td style=\"text-align: center;\" width=\"123\">449 902,47<\/td>\n<\/tr>\n<\/tbody>\n<\/table>\n<p>&nbsp;<\/p>\n<h2><strong>2017<\/strong><\/h2>\n<table cellspacing=\"0\" cellpadding=\"0\" border=\"1\">\n<tbody>\n<tr>\n<td width=\"123\"><strong>Rodzaj<\/strong><\/td>\n<td width=\"123\"><strong>Warto\u015b\u0107 na dzie\u0144 01.01.2017<\/strong><\/td>\n<td width=\"123\"><strong>Zwi\u0119kszenia<\/strong><\/td>\n<td width=\"123\"><strong>Zmniejszenia<\/strong><\/td>\n<td width=\"123\"><strong>Warto\u015b\u0107 na dzie\u0144 31.12.2017<\/strong><\/td>\n<\/tr>\n<tr>\n<td width=\"123\" valign=\"top\">\u015arodki trwa\u0142e<br>Grupa 0<br>Grupa 4<br>Grupa 3<br>Grupa 8<\/td>\n<td width=\"123\">132 724,68<br>8 623,95<br>29 089,50<br>9 599,00<\/td>\n<td width=\"123\">&#8211;<br>&#8211;<br>&#8211;<br>&#8211;<\/td>\n<td width=\"123\">&#8211;<br>3771,02<br>&#8211;<br>&#8211;<\/td>\n<td width=\"123\">132 724,68<br>4 852,93<br>29 089,50<br>9 599,00<\/td>\n<\/tr>\n<tr>\n<td width=\"123\" valign=\"top\">Warto\u015bci Niematerialne i Prawne<\/td>\n<td width=\"123\">12 843,75<\/td>\n<td width=\"123\">2717,77<\/td>\n<td width=\"123\">&#8211;<\/td>\n<td width=\"123\">15 561,52<\/td>\n<\/tr>\n<tr>\n<td width=\"123\" valign=\"top\">Pozosta\u0142e \u015brodki trwa\u0142e<\/td>\n<td width=\"123\">449 902,47<\/td>\n<td width=\"123\">28 476,48<\/td>\n<td width=\"123\">24 079,42<\/td>\n<td width=\"123\">454 299,53<\/td>\n<\/tr>\n<\/tbody>\n<\/table>\n<p>&nbsp;<\/p>\n<h2><strong>2018<\/strong><\/h2>\n<table cellspacing=\"0\" cellpadding=\"0\" border=\"1\">\n<tbody>\n<tr>\n<td width=\"123\"><strong>Rodzaj<\/strong><\/td>\n<td width=\"123\"><strong>Warto\u015b\u0107 na dzie\u0144 01.01.2018<\/strong><\/td>\n<td width=\"123\"><strong>Zwi\u0119kszenia<\/strong><\/td>\n<td width=\"123\"><strong>Zmniejszenia<\/strong><\/td>\n<td width=\"123\"><strong>Warto\u015b\u0107 na dzie\u0144 31.12.2018<\/strong><\/td>\n<\/tr>\n<tr>\n<td width=\"123\" valign=\"top\">\u015arodki trwa\u0142e<br>Grupa 0<br>Grupa 4<br>Grupa 3<br>Grupa 8<\/td>\n<td width=\"123\">132 724,68<br>4 852,93<br>29 089,50<br>9 599,00<\/td>\n<td width=\"123\">&#8211;<br>&#8211;<br>&#8211;<br>&#8211;<\/td>\n<td width=\"123\">&#8211;<br>&#8211;<br>&#8211;<br>&#8211;<\/td>\n<td width=\"123\">132 724,68<br>4 852,93<br>29 089,50<br>9 599,00<\/td>\n<\/tr>\n<tr>\n<td width=\"123\" valign=\"top\">Warto\u015bci Niematerialne i Prawne<\/td>\n<td width=\"123\">15 561,52<\/td>\n<td width=\"123\">2 003,64<\/td>\n<td width=\"123\">6 640,29<\/td>\n<td width=\"123\">10 924,87<\/td>\n<\/tr>\n<tr>\n<td width=\"123\" valign=\"top\">Pozosta\u0142e \u015brodki trwa\u0142e<\/td>\n<td width=\"123\">454 299,53<\/td>\n<td width=\"123\">7 738,25<\/td>\n<td width=\"123\">69 028,72<\/td>\n<td width=\"123\">393 009,06<\/td>\n<\/tr>\n<\/tbody>\n<\/table>\n<p>&nbsp;<\/p>\n<h2><strong>2019<\/strong><\/h2>\n<table cellspacing=\"0\" cellpadding=\"0\" border=\"1\">\n<tbody>\n<tr>\n<td width=\"123\"><strong>Rodzaj<\/strong><\/td>\n<td width=\"123\"><strong>Warto\u015b\u0107 na dzie\u0144 01.01.2019<\/strong><\/td>\n<td width=\"123\"><strong>Zwi\u0119kszenia<\/strong><\/td>\n<td width=\"123\"><strong>Zmniejszenia<\/strong><\/td>\n<td width=\"123\"><strong>Warto\u015b\u0107 na dzie\u0144 31.12.2019<\/strong><\/td>\n<\/tr>\n<tr>\n<td width=\"123\" valign=\"top\">\u015arodki trwa\u0142e<br>Grupa 0<br>Grupa 1<br>Grupa 2<br>Grupa 4<br>Grupa 3<br>Grupa 6<br>Grupa 8<\/td>\n<td width=\"123\">&nbsp;<p><\/p>\n<p>&nbsp;<\/p>\n<p style=\"text-align: center;\">132 724,68<br>0<br>0<br>4 852,93<br>29 089,50<br>0<br>9 599,00<\/p>\n<\/td>\n<td style=\"text-align: center;\" width=\"123\">&#8211;<br>847 908,19<br>10 482,73<br>&#8211;<br>&#8211;<br>45 000,01<\/td>\n<td width=\"123\">&nbsp;<\/td>\n<td width=\"123\">&nbsp;<p><\/p>\n<p>&nbsp;<\/p>\n<p style=\"text-align: center;\">132 724,68<br>847 908,19<br>10 482,73<br>4 852,93<br>29 089,50<br>45 000,01<br>9 599,00<\/p>\n<\/td>\n<\/tr>\n<tr>\n<td width=\"123\" valign=\"top\">Warto\u015bci Niematerialne i Prawne<\/td>\n<td style=\"text-align: center;\" width=\"123\">10 924,87<\/td>\n<td style=\"text-align: center;\" width=\"123\">2 865,90<\/td>\n<td style=\"text-align: center;\" width=\"123\">&nbsp;<\/td>\n<td style=\"text-align: center;\" width=\"123\">13 790,77<\/td>\n<\/tr>\n<tr>\n<td width=\"123\" valign=\"top\">Pozosta\u0142e \u015brodki trwa\u0142e<\/td>\n<td style=\"text-align: center;\" width=\"123\">393 009,06<\/td>\n<td style=\"text-align: center;\" width=\"123\">13 978,29<\/td>\n<td style=\"text-align: center;\" width=\"123\">286,21<\/td>\n<td style=\"text-align: center;\" width=\"123\">406 701,14<\/td>\n<\/tr>\n<\/tbody>\n<\/table>\n<p>&nbsp;<\/p>\n\n\n<h2 class=\"wp-block-heading\"><strong><strong>202<\/strong><\/strong>0 <\/h2>\n\n\n\n<h4 class=\"wp-block-heading\"><br><a href=\"https:\/\/cus.bojszowy.pl\/bip\/wp-content\/uploads\/sites\/2\/2021\/05\/majatek.2020.pdf\">plik PDF<\/a><\/h4>\n\n\n\n<p><\/p>\n\n\n\n<h2><strong>2021<\/strong><\/h2>\n<p><a href=\"https:\/\/cus.bojszowy.pl\/bip\/wp-content\/uploads\/sites\/2\/2022\/05\/srodki-trwale-2021.pdf\">plik PDF<\/a><\/p>\n","protected":false},"excerpt":{"rendered":"<p>2011 Rodzaj Warto\u015b\u0107 na dzie\u0144 31.03.2011 Zwi\u0119kszenia Zmniejszenia Warto\u015b\u0107 na dzie\u0144 31.12.2011 \u015arodki trwa\u0142eGrupa 4Grupa 8 506,547&nbsp;690,51 &#8212; -4&nbsp;191,51 5&nbsp;906,543&nbsp;499,00 Warto\u015bci Niematerialne i Prawne 21&nbsp;572,80 &#8211; &#8211; 21&nbsp;572,80 Pozosta\u0142e \u015brodki trwa\u0142e 330 279,25 23 533,73 15&nbsp;413,58 338&nbsp;399,40 &nbsp; 2012 Rodzaj Warto\u015b\u0107 na dzie\u0144 31.12.2011 Zwi\u0119kszenia Zmniejszenia Warto\u015b\u0107 na dzie\u0144 31.12.2012 \u015arodki trwa\u0142eGrupa 3Grupa 4Grupa 8&hellip;<\/p>\n","protected":false},"author":6,"featured_media":0,"parent":0,"menu_order":0,"comment_status":"closed","ping_status":"closed","template":"","meta":{"ngg_post_thumbnail":0,"footnotes":""},"class_list":["post-531","page","type-page","status-publish","hentry","description-off"],"_links":{"self":[{"href":"https:\/\/cus.bojszowy.pl\/bip\/wp-json\/wp\/v2\/pages\/531","targetHints":{"allow":["GET"]}}],"collection":[{"href":"https:\/\/cus.bojszowy.pl\/bip\/wp-json\/wp\/v2\/pages"}],"about":[{"href":"https:\/\/cus.bojszowy.pl\/bip\/wp-json\/wp\/v2\/types\/page"}],"author":[{"embeddable":true,"href":"https:\/\/cus.bojszowy.pl\/bip\/wp-json\/wp\/v2\/users\/6"}],"replies":[{"embeddable":true,"href":"https:\/\/cus.bojszowy.pl\/bip\/wp-json\/wp\/v2\/comments?post=531"}],"version-history":[{"count":13,"href":"https:\/\/cus.bojszowy.pl\/bip\/wp-json\/wp\/v2\/pages\/531\/revisions"}],"predecessor-version":[{"id":2764,"href":"https:\/\/cus.bojszowy.pl\/bip\/wp-json\/wp\/v2\/pages\/531\/revisions\/2764"}],"wp:attachment":[{"href":"https:\/\/cus.bojszowy.pl\/bip\/wp-json\/wp\/v2\/media?parent=531"}],"curies":[{"name":"wp","href":"https:\/\/api.w.org\/{rel}","templated":true}]}}