{"id":545,"date":"2011-03-22T12:45:57","date_gmt":"2011-03-22T11:45:57","guid":{"rendered":"https:\/\/cus.bojszowy.pl\/?page_id=545"},"modified":"2021-11-18T14:18:48","modified_gmt":"2021-11-18T13:18:48","slug":"przebieg-i-efekty-kontroli","status":"publish","type":"page","link":"https:\/\/cus.bojszowy.pl\/bip\/przebieg-i-efekty-kontroli\/","title":{"rendered":"Przebieg i efekty kontroli"},"content":{"rendered":"<p>&nbsp;<\/p>\n<p style=\"text-align: justify;\">Szczeg\u00f3\u0142owe informacje dotycz\u0105ce kontroli s\u0105 udost\u0119pniane na wniosek, na podstawie przepis\u00f3w ustawy z dnia 6 wrze\u015bnia 2001r. o dost\u0119pie do informacji publicznej.<\/p>\n<p>&nbsp;<\/p>\n","protected":false},"excerpt":{"rendered":"<p>&nbsp; Szczeg\u00f3\u0142owe informacje dotycz\u0105ce kontroli s\u0105 udost\u0119pniane na wniosek, na podstawie przepis\u00f3w ustawy z dnia 6 wrze\u015bnia 2001r. o dost\u0119pie do informacji publicznej. &nbsp;<\/p>\n","protected":false},"author":1,"featured_media":0,"parent":0,"menu_order":0,"comment_status":"closed","ping_status":"closed","template":"","meta":{"ngg_post_thumbnail":0,"footnotes":""},"class_list":["post-545","page","type-page","status-publish","hentry","description-off"],"_links":{"self":[{"href":"https:\/\/cus.bojszowy.pl\/bip\/wp-json\/wp\/v2\/pages\/545","targetHints":{"allow":["GET"]}}],"collection":[{"href":"https:\/\/cus.bojszowy.pl\/bip\/wp-json\/wp\/v2\/pages"}],"about":[{"href":"https:\/\/cus.bojszowy.pl\/bip\/wp-json\/wp\/v2\/types\/page"}],"author":[{"embeddable":true,"href":"https:\/\/cus.bojszowy.pl\/bip\/wp-json\/wp\/v2\/users\/1"}],"replies":[{"embeddable":true,"href":"https:\/\/cus.bojszowy.pl\/bip\/wp-json\/wp\/v2\/comments?post=545"}],"version-history":[{"count":7,"href":"https:\/\/cus.bojszowy.pl\/bip\/wp-json\/wp\/v2\/pages\/545\/revisions"}],"predecessor-version":[{"id":2636,"href":"https:\/\/cus.bojszowy.pl\/bip\/wp-json\/wp\/v2\/pages\/545\/revisions\/2636"}],"wp:attachment":[{"href":"https:\/\/cus.bojszowy.pl\/bip\/wp-json\/wp\/v2\/media?parent=545"}],"curies":[{"name":"wp","href":"https:\/\/api.w.org\/{rel}","templated":true}]}}